w(i) = 35*i + 214. What is w(-6)?
4
Let d(z) = -z**3 - z**2 + 3*z. Calculate d(0).
0
Let a(w) = -w**2 + 10*w + 4. Give a(9).
13
Let y(j) = j**3 + 2*j**2 - 3*j - 3. What is y(-2)?
3
Let b(i) = 4*i - 97. Give b(16).
-33
Let r(h) = 5*h + 126. Determine r(-27).
-9
Let r(n) = -3*n - 2. Calculate r(-4).
10
Let o(y) = -y. Determine o(16).
-16
Let z(p) = -p**2 - 19*p - 80. Give z(-11).
8
Let h(s) = -6*s + 254. Determine h(41).
8
Let o(f) = -22*f**2 + f - 1. Determine o(1).
-22
Let v(m) = -m**2 - 29*m - 116. Give v(-26).
-38
Let b(i) = -9*i - 46. What is b(-5)?
-1
Let f(v) = -3*v**2 + 11*v - 5. Determine f(3).
1
Let a(h) = -3*h**2 + 7*h - 15. Determine a(-4).
-91
Let o(a) = -a**2 + 2*a + 4. Give o(7).
-31
Let x(f) = 5*f + 81. Determine x(-16).
1
Let j(u) = 2*u + 20. Calculate j(-15).
-10
Let m(t) = -t**2 + 3*t - 5. Determine m(5).
-15
Let b(n) = n + 2. Give b(-13).
-11
Let f(c) = c**3 + 37*c**2 + 7. What is f(-37)?
7
Let v(t) = -t**2 + 15*t - 28. Give v(13).
-2
Let q(o) = 2*o**2 - 4*o - 5. What is q(3)?
1
Let b(g) = g**3 + 3*g**2 + 2*g + 9. Give b(-4).
-15
Let t(f) = -2*f**2 - 12*f - 31. Determine t(-3).
-13
Let c(n) = n**2 + 10*n - 15. What is c(-11)?
-4
Let p(d) = -d - 31. What is p(-22)?
-9
Let p(r) = -r**2 + 24*r + 26. Give p(25).
1
Let y(u) = -12*u - 16. Give y(-4).
32
Let z(m) = 2*m**2 + 14*m - 10. Give z(-7).
-10
Let o(u) = -3*u**2 + u. Calculate o(-2).
-14
Let x(h) = h**3 - 25*h**2 + 2*h - 50. Determine x(25).
0
Let z(t) = t**3 + 7*t**2 + 7*t + 32. Calculate z(-7).
-17
Let b(l) = l**3 + 5*l**2 + 5*l + 24. Give b(-6).
-42
Let n(w) = 2*w**2 + 18*w + 16. Calculate n(-7).
-12
Let s(f) = f**2 + 5*f - 28. Calculate s(-9).
8
Let w(d) = -d**3 - 9*d**2 + 37*d - 4. What is w(-12)?
-16
Let m(c) = 3*c**2 - 13*c - 3. Calculate m(3).
-15
Let w(b) = -8*b**2 - 26*b - 16. Calculate w(-2).
4
Let y(h) = -h**3 - 6*h**2 + 2. What is y(-6)?
2
Let n(t) = -t**2 + 8*t + 3. What is n(8)?
3
Let n(w) = w**2 + 4*w + 6. What is n(-1)?
3
Let v(x) = -2*x - 1. Give v(-7).
13
Let x(o) = -o**2 + 21*o - 20. Calculate x(20).
0
Let a(f) = 11*f**2 - 36*f + 15. Calculate a(3).
6
Let h(n) = 37*n - 182. Determine h(5).
3
Let t(h) = -2*h - 25. Calculate t(-7).
-11
Let z(t) = -t**3 - 11*t**2 - 13*t - 24. What is z(-10)?
6
Let m(b) = b**2 - 3*b + 2. Calculate m(2).
0
Let h(n) = 7*n + 42. Determine h(-22).
-112
Let g(y) = y**2 + 13*y + 19. Give g(-12).
7
Let x(p) = -p**2 - 50*p - 585. What is x(-32)?
-9
Let s(q) = q**2 - 3*q + 3. Determine s(3).
3
Let d(g) = -30*g - 139. Give d(-4).
-19
Let h(r) = 2*r**2 + 9*r - 4. What is h(-5)?
1
Let w(a) = -a - 19. Give w(-13).
-6
Let v(o) = -3*o - 24. Give v(-10).
6
Let n(m) = -32*m**2. What is n(-1)?
-32
Let i(x) = -8*x + 5. What is i(-3)?
29
Let i(l) = 7*l - 101. Give i(10).
-31
Let i(p) = p**3 + 4*p**2 + 3*p - 2. Calculate i(-2).
0
Let x(v) = -v**3 + 25*v**2 + v - 34. What is x(25)?
-9
Let m(w) = -4*w**3 - 5*w**2 + 4*w. Give m(2).
-44
Let b(s) = 3*s + 5. Determine b(-5).
-10
Let z(d) = -44*d**2 - 2*d + 2. What is z(1)?
-44
Let m(i) = i**2 + 6*i + 10. Determine m(-4).
2
Let i(g) = -g**3 - 12*g**2 + 11*g - 13. What is i(-13)?
13
Let q(z) = -2*z**3 + 2*z**2 + z - 1. Calculate q(2).
-7
Let o(d) = -d**2 - 3*d + 1. Calculate o(-8).
-39
Let u(x) = x**2 - x - 15. What is u(5)?
5
Let w(l) = -l**3 + 20*l**2 + 44*l + 25. Calculate w(22).
25
Let r(v) = -v**3 + 9*v**2 - 11*v + 14. Determine r(8).
-10
Let p(t) = -t**3 - 13*t**2 + 19*t + 55. What is p(-14)?
-15
Let z(g) = -21*g**2 - 2*g + 1. What is z(1)?
-22
Let t(d) = 29*d + 7. What is t(-2)?
-51
Let f(v) = 8*v**3 - v**2 - 3*v - 2. Calculate f(-2).
-64
Let o(z) = z**2 + 9*z + 20. Give o(-8).
12
Let p(l) = -9*l**3 + l**2 - 2*l - 2. What is p(-1)?
10
Let r(q) = -2*q**2 - 92*q + 743. Determine r(7).
1
Let w(s) = -19*s + 97. What is w(9)?
-74
Let d(s) = 20*s - 11. Determine d(4).
69
Let l(d) = d**3 + 10*d**2 - 2*d + 7. Calculate l(-10).
27
Let m(v) = -v + 1. Determine m(17).
-16
Let v(l) = 3*l**2 + 4*l + 4. Calculate v(-2).
8
Let x(g) = -g**3 - 19*g**2 - 6. Determine x(-19).
-6
Let p(g) = 2*g**2 + 16*g + 5. Calculate p(-7).
-9
Let a(b) = 4*b - 8. Give a(-10).
-48
Let r(y) = -y**3 - 3*y**2 + y + 6. Calculate r(-2).
0
Let k(s) = 5*s**2 - 22*s - 29. What is k(6)?
19
Let j(v) = -v**3 + v**2 + v. What is j(3)?
-15
Let i(x) = -7*x. Give i(1).
-7
Let u(t) = -t**3 + 14*t**2 + 16*t - 12. Calculate u(15).
3
Let m(p) = -p + 14. Calculate m(-4).
18
Let a(t) = t**3 + 31*t**2 - 64*t + 46. Determine a(-33).
-20
Let o(w) = -w + 13. Determine o(9).
4
Let m(r) = -r**2 - 15*r + 56. Give m(-18).
2
Let u(o) = 6*o - 112. Calculate u(16).
-16
Let z(v) = -v**3 - 6*v**2 - 7*v - 12. Calculate z(-5).
-2
Let s(h) = h**3 - 13*h**2 - 16*h + 24. What is s(14)?
-4
Let h(c) = c**3 - 41*c**2 - 44*c + 90. What is h(42)?
6
Let x(z) = z**3 + 4*z**2 - 3*z. Calculate x(-5).
-10
Let r(q) = q**2 - 6*q - 2. Calculate r(7).
5
Let v(q) = -q**3 + 13*q**2 - 22*q + 284. Calculate v(13).
-2
Let b(g) = -16*g - 64. Determine b(-5).
16
Let l(t) = -80*t**2 - 5*t - 5. Determine l(-1).
-80
Let w(a) = -31*a - 19. What is w(-1)?
12
Let h(x) = x**3 + 2*x**2 - 2. What is h(0)?
-2
Let f(z) = -4*z**3 - z**2 + 7*z + 7. Calculate f(-1).
3
Let l(u) = 4*u**3 + 6*u**2 - 3*u + 2. Calculate l(-3).
-43
Let i(h) = -h**3 + 5*h**2 + 6*h - 11. What is i(6)?
-11
Let g(r) = -r**2 + 9*r + 3. Calculate g(9).
3
Let u(z) = -8*z**2 - 3*z + 4. Calculate u(3).
-77
Let k(w) = -2*w**3 - w**2 + w - 17. Calculate k(0).
-17
Let n(b) = 2*b**2 + 13*b - 16. Give n(-11).
83
Let h(s) = -4*s - 70. Determine h(-4).
-54
Let c(h) = -9*h + 5. What is c(-1)?
14
Let x(s) = s**2 + 26*s + 46. Give x(-23).
-23
Let h(y) = -y**3 + 12*y**2 - 22*y + 13. What is h(10)?
-7
Let v(x) = x**2 - 17. Calculate v(8).
47
Let f(v) = -v**2 + 10*v - 14. Give f(9).
-5
Let g(c) = -c - 41. Calculate g(18).
-59
Let s(a) = -a**2 + 30*a + 29. What is s(-1)?
-2
Let y(f) = f + 28. What is y(0)?
28
Let j(l) = l**3 - 11*l**2 - l + 6. Determine j(11).
-5
Let w(x) = -3*x + 8. Give w(6).
-10
Let i(w) = w - 4. Give i(8).
4
Let h(w) = w**3 - 7*w**2 + 2*w - 9. What is h(7)?
5
Let l(o) = o**2 - 3*o - 6. Calculate l(-5).
34
Let j(i) = -i**2 + 3*i + 14. Determine j(6).
-4
Let d(n) = n + 20. What is d(-17)?
3
Let a(g) = 11*g - 40. What is a(3)?
-7
Let f(b) = -8*b - 9. Determine f(0).
-9
Let o(s) = -s**3 - 3*s**2 + s. What is o(-4)?
12
Let q(h) = -h - 4. Calculate q(0).
-4
Let f(m) = 13*m - 295. Give f(22).
-9
Let d(q) = q**2 - 10*q + 9. Calculate d(6).
-15
Let n(v) = 2*v - 11. Give n(8).
5
Let c(s) = 2*s**2 - 12*s - 7. Calculate c(6).
-7
Let l(s) = -s**3 - 9*s**2 - 5*s - 3. Calculate l(-9).
42
Let j(g) = g**3 + g**2 + g + 23. What is j(0)?
23
Let q(o) = 4*o - 24. Calculate q(6).
0
Let b(m) = -34*m + 1. Determine b(-1).
35
Let w(n) = n + 1. Give w(-2).
-1
Let h(k) = -5*k - 22. Calculate h(6).
-52
Let c(y) = -2*y**3 - 5*y**2 + 11. Determine c(-3).
20
Let v(m) = -15*m - 329. What is v(-22)?
1
Let q(f) = 3*f**3 + 66*f**2 - f - 20. Determine q(-22).
2
Let z(r) = r - 21. Determine z(14).
-7
Let y(g) = 3*g + 18. Give y(-8).
-6
Let x(i) = i - 39. Determine x(7).
-32
Let v(n) = 56*n - 7. Calculate v(-1).
-63
Let f(a) = -20*a - 24. Give f(-3).
36
Let v(t) = 7*t + 1. Give v(1).
8
Let x(u) = -3*u**3 + u**2 + u + 3. What is x(0)?
3
Let w(z) = -3*z - 82. Give w(-28).
2
Let b(y) = -y**3 - 6*y**2 + 4*y - 4. What is b(-6)?
-28
Let b(d) = -d**2 - 7*d + 58. Calculate b(5).
-2
Let f(n) = -n**3 + 12*n**2 + 18*n - 320. Calculate f(11).
-1
Let g(d) = -d + 5. Give g(0).
5
Let l(v) = -3*v**3 - 9*v**2 - 7*v + 1. Calculate l(-1).
2
Let x(t) = -t**3 - 13*t**2 - 14*t + 37. Give x(-11).
-51
Let v(c) = c**2 + 6*c - 6. Determine v(-7).
1
Let b(g) = -g**2 + 8*g - 4. Determine b(6).
8
Let v(j) = -19*j**3 + j**2 + j. Determine v(-1).
19
Let u(q) = 5*q - 2. Determine u(-4).
-22
Let y(w) = -60*w + 125. What is y(2)?
5
Let r(a) = -a**3 + 8*a**2 - 6*a - 3. Calculate r(7).
4
Let g(d) = d**2 - 9*d + 8. What is g(5)?
-12
Let d(v) = 3*v**2 - 11*v + 4. What is d(4)?
8
Let i(s) = s**3 - 20*s**2 + 37*s - 39. Determine i(18).
-21
Let p(t) = -5*t**3 + 2*t**2 + t + 2. What is p(2)?
-28
Let v(l) = -l**2 - 5*l - 5. Give v(-5).
-5
Let v(w) = w**3 + 4*w**2 + 3*w. What is v(-4)?
-12
Let b(n) = -4*n - 127. What is b(-33)?
5
Let y(x) = -x**3 + 25*x**2 - 24*x - 6. Give y(24).
-6
Let v(u) = -16*u + 47. 